at is u(q)?
-6
Let x(t) = -3*t**3 + 6*t + 5 - 3*t**3 - 2 + 7*t**3 + 6*t**2. What is x(-5)?
-2
Let c(r) be the first derivative of 5 - 1/2*r**2 + 0*r. What is c(2)?
-2
Let s = 13 + -8. Let y(p) = -3*p**2 + p - 1 + 2*p**2 + 3 + 2. Determine y(s).
-16
Let t(l) = l**3 + 13*l**2 - 29*l**2 + 9*l**2 + 5*l + 14*l**2 - 5. Let x(n) = n - 1. Let m be x(-5). Determine t(m).
1
Let h(u) = u**2 - 2*u - 23. Let g be h(6). Let s(q) be the first derivative of -g - 1/4*q**4 + 0*q**2 + 5/3*q**3 + 0*q. What is s(5)?
0
Suppose -4*k - 5*l = -11, 1 = k + l - 1. Let u = k - -3. Let p(b) = -6*b + 4*b**2 + 3*b + 3 - 3*b**2. Calculate p(u).
1
Let a(v) be the second derivative of 7*v + 1/12*v**4 + 0 + 2*v**2 - 1/6*v**3. Determine a(3).
10
Let v(b) = -15*b**2 + 4*b + 3. Let r(t) = t + 1. Let d(u) = -3*r(u) + v(u). What is d(-1)?
-16
Let k(r) = -r. Let h be k(5). Let z = 0 - -6. Let l(f) = z + 1 + 2*f - 4. Give l(h).
-7
Let y(i) = -10*i**2 + 6*i + 5 - 8 + 11*i**2. Let u be 58/(-10) - 2/10. Calculate y(u).
-3
Let g(f) be the first derivative of 4*f**2 + 1/3*f**3 + 9*f + 6. Determine g(-6).
-3
Let i(x) be the second derivative of x**5/20 + x**4/3 - x**3/6 - 3*x**2/2 - 2*x. Determine i(-3).
9
Let l = 5 + -12. Let z = 14 - l. Suppose 2*j = 5*v - 15, z = v - 0*j - 4*j. Let k(y) = y - 1. What is k(v)?
0
Let v(o) = -o**2 + 6*o - 8. Let x be 6/((-2)/(-4 + (6 - 4))). What is v(x)?
-8
Let r(k) be the third derivative of -k**4/24 + 3*k**3/2 + 16*k**2. Give r(7).
2
Let p(a) be the third derivative of a**4/12 + 2*a**3/3 - 2*a**2. Let l(o) = -2*o - 5. Let b(y) = 3*l(y) + 4*p(y). Let m be 13/(-3) - (-4)/(-6). Give b(m).
-9
Let c(r) = r - 4. Let o be ((3 + 3)/3)/1. Let q be (8/(-12))/(o/24). Let f = q - -13. What is c(f)?
1
Let w be 3/(-4) + 20/(-16). Let x(p) = p**2 + p. What is x(w)?
2
Suppose -5*a + 8 = 3*q, 2*a = -2*q + 4*q. Let b(t) = -4*t + 1. Determine b(a).
-3
Let l(m) be the third derivative of -m**7/840 - m**6/120 - m**5/40 - m**4/24 - 5*m**3/6 - 3*m**2. Let j(k) be the first derivative of l(k). Determine j(-3).
8
Let g(m) = -4*m**3 - 3*m**2 + 2*m + 1. Let t(d) = -8*d**3 - 7*d**2 + 4*d + 2. Let i(o) = -9*g(o) + 4*t(o). Let w be (-2)/4 - 2/4. Determine i(w).
-4
Suppose 0*h - 12 = -4*h. Let w(q) = 7*q**3 - 3*q**2 + 4*q + 3. Let t(f) = -4*f**3 + f**2 - 2*f - 1. Let g(c) = -5*t(c) - 3*w(c). Give g(h).
-1
Let w be 30/(-7) - -4 - (-120)/(-21). Let y(q) = q**3 + 6*q**2 - 2. Give y(w).
-2
Let b(s) be the first derivative of -2 + 0*s**2 - 1/3*s**3 + s. Suppose -2*r - 3 = -5*r. Give b(r).
0
Let g(i) = -4*i**2 + i - 1. Suppose 2 - 5 = -3*j. Determine g(j).
-4
Let x be 6/10 - 4/(-10). Let b be (-14)/2 + x + 2. Let k(f) = f**2 + 2*f - 2. Determine k(b).
6
Let k(p) = p**2 - 5*p - 1. Let u(g) = g**2 - 4*g. Let z(a) = -5*k(a) + 6*u(a). Let d(s) = s**2 + 3*s - 4. Let n be d(-4). Determine z(n).
5
Let d = -17 + 25. Suppose 2*m + 12 = -4*r, 0*r + d = -4*r - m. Let v(q) = -2 - 2 + 3 - 3*q. Give v(r).
2
Let o(q) = q**3 - q**2 + q + 2. Let r be o(0). Let w(y) = -2*y**3 - y**2 + 2*y - 1. Let u be w(-2). Let j(g) = -2*g + g**2 + u*g + 0*g + r. Calculate j(-3).
-4
Let q(p) be the second derivative of -p**6/720 - p**5/120 + p**4/12 + 5*p. Let i(x) be the third derivative of q(x). What is i(5)?
-6
Let n(i) = i**3 + 5*i**2 + 6*i - 6. Let f(x) = 3*x**3 + 15*x**2 + 17*x - 17. Let p(a) = -3*f(a) + 8*n(a). Calculate p(-3).
-6
Let v(z) = z - 7. Let y(c) be the third derivative of -c**4/8 - 3*c**3/2 + 7*c**2. Let f be y(-5). Calculate v(f).
-1
Let p(j) be the second derivative of j**7/1260 - j**4/3 + 3*j. Let y(v) be the third derivative of p(v). Suppose o + o = w - 1, 3*o = 0. Give y(w).
2
Let n be (-87)/17 - 22/(-187). Let g(p) = 2*p**3 + 13*p**2 - 15*p + 6. Let f(c) = -c**3 - 6*c**2 + 7*c - 3. Let o(x) = 5*f(x) + 2*g(x). Determine o(n).
-3
Suppose 5*q + 11 - 2 = 3*h, 9 = 2*q + 3*h. Let b(x) = -7*x - 16. Let v(i) = i + 1. Let y(p) = -b(p) - 6*v(p). Calculate y(q).
10
Let x(r) = -2*r - 1. Let s be x(2). Let k(i) = i**3 + 4*i**2 - 5*i + 4. Give k(s).
4
Let b be (-13)/(-2) + 1/(-2). Let o(p) = -p**3 + 7*p**2 - 5*p. Determine o(b).
6
Let x(g) = g**3 - 3*g**2 - 4*g + 2. Let i be x(4). Suppose 5*p + 5*z = -16 + 1, -4*p = i*z + 2. Let f(s) = -s**2 + 2*s + 1. Determine f(p).
1
Let d(u) = -2 - u**2 + 1 - 3 + 2 + 6*u. Determine d(6).
-2
Let n(x) = -x**3 + 29*x**2 + 32*x - 50. Let w be n(30). Let z(g) = -g**2 + 10*g - 15. Calculate z(w).
-15
Let o(i) = -1. Let v(z) = z**2 + 8*z - 16. Let s(x) = -6*o(x) + v(x). Let n be s(-9). Let u(r) = -7*r**3 + 2*r + 1. Calculate u(n).
6
Let n = -5 + 8. Let f(m) = -2 + n*m + 1 + m - m**2. Calculate f(4).
-1
Let u(g) = -6*g**2 + 19*g - 10. Let m(x) = -7*x**2 + 21*x - 9. Let f(d) = -5*m(d) + 6*u(d). Calculate f(6).
3
Let u(y) = -5*y**2 - 7*y - 30*y**3 + 0*y**2 + y - 6 + 31*y**3. Let j = -15 + 21. Give u(j).
-6
Let f = -13 - -28. Suppose k - 5*k + f = 5*d, 3*k - 14 = -d. Let z(c) = -15*c**2 - 11. Let m(x) = -5*x**2 - 4. Let q(v) = -11*m(v) + 4*z(v). Calculate q(d).
-5
Let m(b) = -b**3 + 7*b**2 - 5*b - 6. Let l = 2 + 8. Let d be (-18)/(-27)*(l - 1). Calculate m(d).
0
Suppose 3*g - 7 = 8. Suppose -4*i - 5*p - g = 0, -4*i - 32 = -0*p - 4*p. Let j(a) = 7 - 4 + a + 4. Calculate j(i).
2
Let d(h) be the first derivative of -7*h**2/2 + h - 38. Let t(g) = g + 3*g**3 - 7*g**2 + 11 - 3 - 4*g**3. Let j be t(-7). Give d(j).
-6
Suppose -4*t - t = 15, -4*m = -5*t - 27. Let l be 2/(-9) - (-43)/(-9). Let r(g) = 15*g + 2. Let k(y) = 8*y + 1. Let o(b) = l*k(b) + m*r(b). What is o(1)?
6
Suppose 5*n - 4*n = -5. Let d(b) = -2*b - 4. What is d(n)?
6
Let n(g) = 2*g + 7. Suppose t - 3 = -1. Suppose -5*m - 32 = -t*j, -4*m = -2*j - 17 + 43. Give n(m).
-5
Let s be (6 - 2) + 0 - 1. Suppose -2*p + p = 0. Suppose -b + p*b - 2*o = -5, -s*b = 3*o - 6. Let h(c) = -4*c**3 - c**2 - c - 1. Calculate h(b).
3
Let h(j) = j + 6. Let x(k) = -1. Let l(g) = -h(g) - x(g). Let s be l(-4). Let w(u) = 2*u**3 + u. Calculate w(s).
-3
Let p be (-1 - 2)*(0 - 1). Let y(t) = -7*t**2 + 5 - 1 - t + 2*t - t**p - 5*t. Give y(-6).
-8
Let n(o) be the third derivative of -o**4/24 + 5*o**3/3 - 3*o**2 + 9. What is n(6)?
4
Let a be 2/(-8) + (-105)/(-4). Suppose a = -3*g + 5*l, -2*g + 4*g = -l. Let o(m) = 3*m + 2*m**2 - 123*m**3 + 2 + 245*m**3 - 121*m**3. Give o(g).
-4
Let x be (6/(-12))/((-1)/6 - 0). Let u(h) = -4*h**2 + 5*h**2 - 2*h - 4*h**2 + h**3. What is u(x)?
-6
Suppose 3*q - 18 = 6*q. Let m = q + 8. Let p(k) = 2*k**2 + 3*k - 3. What is p(m)?
11
Let y(x) = 4*x**3 + 3*x**2 - 7*x - 7. Let d(s) = 3*s**3 + 2*s**2 - 5*s - 5. Suppose 0*i + 20 = -4*i. Let w(q) = i*y(q) + 7*d(q). What is w(1)?
0
Let p = 7 - 9. Let a(n) = 4 + 2*n**2 - 1 + 4*n + 0*n**2. Give a(p).
3
Let o(w) be the second derivative of w**3/6 - 3*w**2 + 2*w. Suppose 4*f - 16 = -3*z + z, f = -z + 4. What is o(f)?
-2
Let q(n) = -n**3 + 6*n**2 - n + 1. Suppose -5*y + 16 = -69. Let b = y - 11. What is q(b)?
-5
Suppose 0 = 3*u - 2 - 10. Let d(n) be the third derivative of 2*n**2 + 0*n + 0 - 1/60*n**5 + 1/6*n**u - 1/3*n**3. Give d(3).
1
Let h(x) = -4*x**2 - 5*x + 2*x**2 + 2 + 3*x**2. Give h(6).
8
Suppose 68*q = 71*q - 6. Suppose -3*l = -4*g - 18 + 5, -14 = -4*l + 2*g. Let y(b) = -7*b - 2*b**q + 2*b - l + 2*b. Determine y(-2).
-5
Let z be ((-9)/(-3))/(3/2). Let r(x) = 3*x**2 - 2*x**z - 8 - 3*x + 3. What is r(5)?
5
Let c be 18/(-4)*(-16)/(-12). Let r(a) = -a**2 + 2*a - 8. Let n(l) = -5*l**2 + 7*l - 33. Let h(g) = -2*n(g) + 9*r(g). Give h(c).
6
Suppose 4*p = a - 8, 2*p = -2*a - 2*a + 14. Let x(d) = -d**2 - d**2 + d**2 - a*d**3. Calculate x(-1).
3
Suppose 2*c = -3*c. Let m be 4/6 + (-21)/(-9). Suppose m + c = t. Let x(j) = -j**3 + 2*j**2 + 3*j + 2. Calculate x(t).
2
Let b = 15 + -18. Let f(v) be the third derivative of v**4/24 + 7*v**3/6 + v**2. Determine f(b).
4
Suppose 11 = -3*w - 0*w - 2*v, 5*w = -2*v - 13. Let o(j) = -j - 4. Let d be o(-5). Let m(i) = -1 - 1 - 2*i - 6*i + d. What is m(w)?
7
Let j(o) = -o**2 + 12*o - 8. Let z be j(11). Let p be (-34)/6 - (-2)/z. Let f(m) = m. Determine f(p).
-5
Let u be 4/6*(-18)/(-4). Let k(l) = -4*l**2 + 2*l**2 - l**3 - u*l**2 + 0*l**2 + 5*l. Determine k(-6).
6
Let s(f) be the first derivative of -3*f**4/8 - f**3/6 - 2*f**2 - 3. Let b(q) be the second derivative of s(q). Suppose -6*k - 5 = -k. What is b(k)?
8
Let r(m) be the first derivative of -m**5/20 + m